574?
2, 79428287
What are the prime factors of 2725108703?
43, 63374621
List the prime factors of 3830136178.
2, 11, 37, 1051
What are the prime factors of 901619965?
5, 31, 2383, 2441
What are the prime factors of 435114169?
7, 281, 31601
What are the prime factors of 4279788389?
401, 10672789
What are the prime factors of 421851428?
2, 105462857
List the prime factors of 138711774.
2, 3, 41, 563869
What are the prime factors of 11083237?
11, 757
List the prime factors of 2875470778.
2, 35753, 40213
What are the prime factors of 797964113?
797964113
What are the prime factors of 501603834?
2, 3, 47, 431, 4127
What are the prime factors of 53549976?
2, 3, 433, 5153
List the prime factors of 58418498.
2, 29209249
List the prime factors of 51675046.
2, 131, 197233
What are the prime factors of 177035274?
2, 3, 13, 19, 1021
List the prime factors of 547728068.
2, 136932017
What are the prime factors of 130113691?
19, 23, 29, 10267
What are the prime factors of 492013987?
19, 829, 31237
List the prime factors of 523575338.
2, 11, 13, 29, 63127
What are the prime factors of 160419417?
3, 4673, 11443
What are the prime factors of 128650646?
2, 131, 317, 1549
What are the prime factors of 1102936949?
191, 5774539
What are the prime factors of 1395813080?
2, 5, 79, 441713
List the prime factors of 58282024.
2, 7285253
List the prime factors of 3930487267.
7, 151, 193, 19267
What are the prime factors of 100951343?
577, 174959
What are the prime factors of 41537278?
2, 593, 35023
List the prime factors of 148112942.
2, 17, 19, 113, 2029
List the prime factors of 2443992401.
19, 128631179
List the prime factors of 232300160.
2, 5, 362969
List the prime factors of 1311405599.
7, 2029, 92333
What are the prime factors of 178489000?
2, 5, 178489
What are the prime factors of 3600945326?
2, 11, 47, 3482539
List the prime factors of 561845880.
2, 3, 5, 1560683
What are the prime factors of 593545956?
2, 3, 17, 787, 3697
List the prime factors of 1695878773.
5903, 287291
List the prime factors of 317938819.
11, 1129, 25601
What are the prime factors of 767663282?
2, 521, 736721
What are the prime factors of 38628585?
3, 5, 367, 2339
What are the prime factors of 1341790768?
2, 173, 484751
What are the prime factors of 22335284?
2, 5583821
List the prime factors of 1784299.
11, 162209
List the prime factors of 63140666.
2, 67, 223, 2113
What are the prime factors of 13830696?
2, 3, 11, 5821
List the prime factors of 1195772119.
83, 14406893
List the prime factors of 1895614755.
3, 5, 269, 469793
What are the prime factors of 100718945?
5, 20143789
List the prime factors of 65907270.
2, 3, 5, 11, 13, 569
List the prime factors of 92403454.
2, 11, 13, 29, 857
List the prime factors of 11901977.
29, 410413
List the prime factors of 34522374.
2, 3, 659, 8731
What are the prime factors of 1295322431?
13, 99640187
What are the prime factors of 1228262979?
3, 18701, 21893
List the prime factors of 1620326264.
2, 23, 8806121
List the prime factors of 116085346.
2, 13, 4464821
What are the prime factors of 1651726056?
2, 3, 1291, 53309
List the prime factors of 2817690737.
2817690737
List the prime factors of 1410202130.
2, 5, 141020213
What are the prime factors of 1165522398?
2, 3, 194253733
What are the prime factors of 1815972692?
2, 29, 15654937
What are the prime factors of 224835561?
3, 8327243
What are the prime factors of 33293308?
2, 103, 80809
What are the prime factors of 4104458068?
2, 449, 2285333
List the prime factors of 1086637864.
2, 13, 43, 193, 1259
List the prime factors of 205256643.
3, 61, 1121621
List the prime factors of 4368999803.
7, 109, 461, 12421
What are the prime factors of 257166303?
3, 97, 883733
What are the prime factors of 84511780?
2, 5, 4225589
What are the prime factors of 1399734533?
823, 1700771
List the prime factors of 55641617.
2069, 26893
List the prime factors of 4874130642.
2, 3, 347, 971, 2411
List the prime factors of 1154074557.
3, 5227, 73597
List the prime factors of 4474933248.
2, 3, 364171
What are the prime factors of 27036514?
2, 59, 229123
What are the prime factors of 110856172?
2, 7, 1361, 2909
What are the prime factors of 4714432?
2, 19, 3877
What are the prime factors of 23768407?
13, 23, 79493
What are the prime factors of 6013240?
2, 5, 17, 37, 239
List the prime factors of 764743873.
107, 7147139
What are the prime factors of 1202050862?
2, 383, 1569257
List the prime factors of 81507708.
2, 3, 251567
What are the prime factors of 4854466497?
3, 79, 20482981
List the prime factors of 252401188.
2, 13, 461, 10529
List the prime factors of 271160075.
5, 10846403
List the prime factors of 948389428.
2, 7, 73, 463987
What are the prime factors of 3651755145?
3, 5, 37, 59, 111521
List the prime factors of 8906350658.
2, 15881, 280409
What are the prime factors of 1022838012?
2, 3, 7, 277, 14653
What are the prime factors of 2143832816?
2, 131, 1022821
What are the prime factors of 77564149?
13, 17, 281, 1249
List the prime factors of 99953540.
2, 5, 17, 17293
List the prime factors of 160501140.
2, 3, 5, 79, 11287
List the prime factors of 102929731.
102929731
What are the prime factors of 42409891?
31, 44131
List the prime factors of 6149178699.
3, 2049726233
List the prime factors of 263995043.
13, 191, 106321
List the prime factors of 335518894.
2, 23, 7293889
What are the prime factors of 1135859836?
2, 283964959
List the prime factors of 5480498643.
3, 19, 151, 636749
List the prime factors of 343682756.
2, 89, 965401
List the prime factors of 737809821.
3, 7, 449, 26083
List the prime factors of 21766244.
2, 41, 132721
What are the prime factors of 238048955?
5, 241, 197551
List the prime factors of 355967899.
7, 7264651
List the prime factors of 1410393994.
2, 23, 30660739
List the prime factors of 182299110.
2, 3, 5, 7, 19, 61, 107
What are the prime factors of 286914655?
5, 1039, 55229
What are the prime factors of 30120011?
30120011
List the prime factors of 342125976.
2, 3, 37, 41, 9397
What are the prime factors of 74282030?
2, 5, 7428203
What are the prime factors of 1402602835?
5, 29, 1789, 5407
List the prime factors of 571986719.
2011, 284429
What are the prime factors of 252483149?
53, 4763833
List the prime factors of 64400117.
389, 165553
List the prime factors of 224733564.
2, 3, 11, 541, 1049
List the prime factors of 848537731.
15259, 55609
List the prime factors of 684820357.
13, 997, 52837
List the prime factors of 36346725.
3, 5, 31, 193
List the prime factors of 98850585.
3, 5, 6590039
What are the prime factors of 66231874?
2, 53, 624829
What are the prime factors of 2167247849?
13, 166711373
What are the prime factors of 109438094?
2, 23, 179, 13291
What are the prime factors of 15457132?
2, 53, 72911
What are the prime factors of 6375404?
2, 7, 227693
What are the prime factors of 28782518?
2, 47, 127, 2411
What are the prime factors of 51113380?
2, 5, 2555669
What are the prime factors of 74538615?
3, 5, 19, 41, 6379
List the prime factors of 4289660.
2, 5, 214483
What are the prime factors of 1468041337?
7, 3767, 55673
What are the prime factors of 674244597?
3, 13, 1329871
List the prime factors of 1063988053.
97, 2383, 4603
List the prime factors of 20439133.
11, 13, 37, 3863
List the prime factors of 584234766.
2, 3, 107, 303341
What are the prime factors of 182663322?
2, 3, 373, 81619
What are the prime factors of 163471043?
163471043
What are the prime factors of 8427885075?
3, 5, 599, 62533
List the prime factors of 204792328.
2, 13, 1969157
List the prime factors of 30709370.
2, 5, 23, 133519
What are the prime factors of 61658750?
2, 5, 107, 461
List the prime factors of 61382405.
5, 7, 1229, 1427
List the prime factors of 107668382.
2, 23, 2340617
What are the prime factors of 126033727?
126033727
What are the prime factors of 56343185?
5, 17, 277, 2393
What are the prime factors of 70622518?
2, 35311259
List the prime factors of 6696235.
5, 7, 13, 14717
List the prime factors of 307347121.
107, 1069, 2687
List the prime factors of 4400333448.
2, 3, 7, 17, 43, 35831
What are the prime factors of 2194756002?
2, 3, 23, 449, 11807
List the prime factors of 63014091.
3, 7, 3000671
List the prime factors of 29802209.
29802209
What are the prime factors of 800083620?
2, 